True
Is 2501802319 a composite number?
True
Is 64726603223 a composite number?
False
Is 509812403 a composite number?
True
Is 270728879 a composite number?
False
Is 30523738151 composite?
True
Is 19961708251 prime?
True
Is 1186171009 a prime number?
False
Is 3906868859 a composite number?
True
Is 582486269 prime?
True
Is 19284039337 prime?
True
Is 14580871171 prime?
True
Is 380921243 a prime number?
True
Is 108951659 prime?
False
Is 7657135467 composite?
True
Is 27441480893 a composite number?
False
Is 4177481471 a composite number?
False
Is 28196238479 a composite number?
False
Is 26187545183 a composite number?
True
Is 20236590419 composite?
True
Is 76493158717 a composite number?
False
Is 15764518345 a prime number?
False
Is 11657247379 composite?
False
Is 5063557981 a prime number?
True
Is 222241681 composite?
False
Is 2231390501 prime?
True
Is 836831927 composite?
False
Is 23818367527 a composite number?
True
Is 46224439621 a prime number?
True
Is 21256531319 composite?
True
Is 38150685919 prime?
True
Is 45105911731 a composite number?
True
Is 4398264011 prime?
False
Is 2521522781 composite?
False
Is 6645616349 a prime number?
True
Is 13447402379 prime?
True
Is 2668326041 a composite number?
True
Is 39249229 prime?
True
Is 20850616847 composite?
True
Is 83279981159 a composite number?
True
Is 8198669749 composite?
False
Is 869607227 a prime number?
False
Is 132996781 composite?
False
Is 1357384027 prime?
False
Is 5849645 composite?
True
Is 1843602437 prime?
False
Is 5435871043 a prime number?
False
Is 6109813933 composite?
False
Is 7065884801 a prime number?
True
Is 144183521 prime?
False
Is 2004852611 a composite number?
True
Is 3663240279 composite?
True
Is 17897662721 composite?
True
Is 156478027 prime?
True
Is 351247679 composite?
False
Is 14812663009 prime?
False
Is 14483454589 a prime number?
False
Is 1096129207 composite?
True
Is 132650743 a composite number?
True
Is 18439202447 composite?
True
Is 7178807191 a prime number?
True
Is 2634939911 a composite number?
False
Is 5439289243 a composite number?
False
Is 78212658031 prime?
True
Is 1582749563 prime?
True
Is 1529988353 composite?
True
Is 13846439 a prime number?
False
Is 84962109269 prime?
True
Is 3789290409 a composite number?
True
Is 2016516071 composite?
False
Is 27620084381 a composite number?
False
Is 439898033 composite?
False
Is 210951893 composite?
True
Is 2523346913 prime?
True
Is 28113259939 prime?
False
Is 757031557 a prime number?
False
Is 79906861 prime?
False
Is 3112830769 composite?
False
Is 2520186787 a composite number?
False
Is 33404226133 prime?
True
Is 1621187521 a prime number?
False
Is 41221606289 prime?
False
Is 343822286 a prime number?
False
Is 46904288443 prime?
False
Is 2788489453 prime?
True
Is 20573537261 a composite number?
False
Is 15941982809 a prime number?
False
Is 2905528237 prime?
True
Is 179500699513 composite?
True
Is 1105777517 composite?
True
Is 1202538929 composite?
True
Is 169044751 a prime number?
True
Is 43150050367 a prime number?
True
Is 9341475683 prime?
True
Is 411206941 prime?
True
Is 338763077 composite?
True
Is 2002807421 composite?
True
Is 361768597 a prime number?
False
Is 621175691 a prime number?
True
Is 2427765367 composite?
True
Is 264619969 a prime number?
False
Is 21632643341 a composite number?
False
Is 691570067 a prime number?
True
Is 53571351121 composite?
False
Is 9441508015 prime?
False
Is 4590169861 a composite number?
False
Is 173571613667 a composite number?
False
Is 1847440407 prime?
False
Is 2309372511 a composite number?
True
Is 350926181 prime?
False
Is 4489444597 a prime number?
False
Is 1599433907 composite?
False
Is 10178650003 composite?
True
Is 2800358633 a prime number?
True
Is 2683582457 a composite number?
False
Is 103985111 a composite number?
False
Is 1615764153 composite?
True
Is 1267397687 prime?
True
Is 261262258 prime?
False
Is 2755044563 a prime number?
False
Is 6313692859 a prime number?
False
Is 805450721 prime?
False
Is 2439569603 a prime number?
True
Is 1071012799 a prime number?
True
Is 43139476213 a prime number?
False
Is 3362068657 composite?
False
Is 3188960939 prime?
True
Is 159333047 a prime number?
False
Is 55962038117 a composite number?
False
Is 134056529 prime?
False
Is 9951492671 prime?
False
Is 1197087067 a composite number?
True
Is 20279507 prime?
True
Is 7063241843 prime?
False
Is 310706060693 a composite number?
True
Is 32998162159 composite?
True
Is 24729539251 a prime number?
True
Is 629832761 a composite number?
True
Is 9276862093 composite?
False
Is 18866721443 prime?
False
Is 350307777 prime?
False
Is 2990194213 composite?
True
Is 246718237 prime?
True
Is 159335503 a prime number?
True
Is 11410890353 a prime number?
True
Is 62875806281 a prime number?
True
Is 4231643709 a prime number?
False
Is 84783039169 prime?
True
Is 7048759573 a composite number?
False
Is 425292431 a prime number?
False
Is 1052489807 composite?
False
Is 145134986 prime?
False
Is 4559963483 composite?
True
Is 27514261409 prime?
False
Is 41386247491 prime?
True
Is 1152448457 a prime number?
True
Is 22239717355 prime?
False
Is 22221136191 prime?
False
Is 22230552089 a composite number?
True
Is 271420286509 composite?
True
Is 333720259 composite?
False
Is 72166891891 prime?
False
Is 933872369 a composite number?
False
Is 270395491 composite?
True
Is 468301961 a prime number?
True
Is 3549367951 a prime number?
False
Is 5707799161 a composite number?
True
Is 4208169499 a prime number?
False
Is 1966445561 prime?
True
Is 5863816151 composite?
False
Is 16073285 a prime number?
False
Is 3449411521 prime?
False
Is 715623869 composite?
True
Is 126213998851 a prime number?
False
Is 5754709001 composite?
False
Is 91382788993 a composite number?
True
Is 53828217343 composite?
True
Is 697067071 composite?
False
Is 461814293 composite?
False
Is 4538718071 prime?
False
Is 245880377 prime?
True
Is 1605455933 a prime number?
False
Is 10749463 composite?
True
Is 8595451123 prime?
False
Is 8911134497 a composite number?
False
Is 21756543971 composite?
False
Is 43319316163 a composite number?
False
Is 12197067502 a composite number?
True
Is 85574970707 a prime number?
True
Is 36025497607 a composite number?
True
Is 130814367626 prime?
False
Is 351390903 composite?
True
Is 1299736213 prime?
True
Is 51052402193 composite?
True
Is 230423509457 composite?
False
Is 5894366899 a prime number?
False
Is 868806203 prime?
False
Is 130689257 a prime number?
True
Is 63603914183 a prime number?
True
Is 13570077883 prime?
False
Is 153671437 a prime number?
True
Is 1727238557 composite?
True
Is 181447208981 prime?
True
Is 2181652937 prime?
False
Is 12000442873 a prime number?
False
Is 39072827 composite?
False
Is 112673438155 composite?
True
Is 6153772297 a composite number?
False
Is 27431478751 a composite number?
True
Is 4178183879 prime?
True
Is 59893002161 a composite number?
True
Is 11230895939 composite?
True
Is 1412658847 a prime number?
True
Is 16176103 composite?
False
Is 210224829 a composite number?
True
Is 2787576173 composite?
True
Is 1692365971 a composite number?
True
Is 2866994821 prime?
False
Is 8413211 a prime number?
True
Is 8338683997 prime?
False
Is 889119895 a composite number?
True
Is 243430417 a prime number?
True
Is 14292418433 a composite number?
True
Is 546424403 a composite number?
True
Is 3678926413 a composite number?
False
Is 3789440979 prime?
False
Is 3041854201 composite?
True
Is 57073262501 a prime number?
False
Is 5760557063 a prime number?
False
Is 1911800155 prime?
False
Is 6167010659 prime?
True
Is 20909312279 prime?
False
Is 7617310277 a composite number?
False
Is 8138044037 prime?
False
Is 9296137 prime?
False
Is 111269129 prime?
True
Is 6619176139 a prime number?
False
Is 7565101801 a prime number?
True
Is 62707943 composite?
True
Is 3030776987 prime?
False
Is 9362351237 a prime number?
True
Is 53346439583 a composite number?
False
Is 4283318641 a composite number?
True
Is 539060377 composite?
False
Is 3507287977 a prime number?
True
Is 789016769 prime?
True
Is 34950001673 prime?
True
Is 9471303187 a prime number?
False
Is 318167357 prime?
False
Is 311720527 prime?
False
Is 18106925003 a prime number?
False
Is 155531383753 a prime number?
False
Is 120601643 prime?
False
Is 838058069 a comp